1012111100 - 20101220?
-111102220020
In base 8, what is 102622042 - 3?
102622037
In base 9, what is -3513 - 1052?
-4565
In base 11, what is -303242 - 31?
-303273
In base 14, what is 38a44 - -10?
38a54
In base 2, what is 11110 - 10110100110001010010000?
-10110100110001001110010
In base 13, what is 23 - -173372?
173395
In base 4, what is -123 + 3213112032?
3213111303
In base 5, what is -2 + 324432243?
324432241
In base 10, what is 128259 - 444?
127815
In base 12, what is -1623 - -6797?
5174
In base 10, what is 163401 + -11?
163390
In base 12, what is -5855993b + 2?
-58559939
In base 11, what is 1 + -a6578376?
-a6578375
In base 6, what is -4 + 230041420?
230041412
In base 8, what is -5343251 - -4?
-5343245
In base 15, what is -9 + 24cd9b?
24cd92
In base 15, what is 2574 + -1236?
133d
In base 7, what is 31214 + -6651?
21233
In base 9, what is -551661 + -34?
-551705
In base 10, what is -5 - -202729718?
202729713
In base 13, what is -2665 - 2a83?
-5418
In base 7, what is 6562101 + -21?
6562050
In base 3, what is -1 - 101222202001212?
-101222202001220
In base 5, what is -103100234 + -3101?
-103103340
In base 14, what is -8 - -2c40113?
2c40109
In base 12, what is -7993a0a - 2?
-7993a10
In base 11, what is -92aa + 725?
-8685
In base 13, what is -403a9 - 1c0?
-40599
In base 7, what is 43 - -351010256?
351010332
In base 8, what is -3 - 176150137?
-176150142
In base 7, what is -2 - 13161201?
-13161203
In base 12, what is 3 - 4b3714b6?
-4b3714b3
In base 8, what is 136651550 - 11?
136651537
In base 13, what is 10 + 29c3a?
29c4a
In base 8, what is 40405 + -27015?
11370
In base 3, what is 112 + 1021021221001012?
1021021221001201
In base 8, what is -335671314 + -1?
-335671315
In base 14, what is bc6192a + -2?
bc61928
In base 9, what is -1330 + -1341?
-2671
In base 16, what is -2 + -bb8da2?
-bb8da4
In base 4, what is -10 + 10310103012?
10310103002
In base 8, what is 47734541 + 0?
47734541
In base 4, what is -102301031011 + 23?
-102301030322
In base 7, what is 65 - 1355161?
-1355063
In base 10, what is 103669 + -2?
103667
In base 14, what is -797 - 17cb?
-2184
In base 8, what is 377 + -2376352?
-2375753
In base 11, what is -7180608 + -4?
-7180611
In base 12, what is 5 - 512a3481?
-512a3478
In base 8, what is -4 - -37657302?
37657276
In base 9, what is 1 + 44716003?
44716004
In base 15, what is -aba - 2c97?
-3862
In base 13, what is -5579 - -2013?
-3566
In base 15, what is -1b08 + -d65?
-296d
In base 12, what is -479b - -970?
-3a2b
In base 12, what is 14752384 - -3?
14752387
In base 8, what is -442652145 - 2?
-442652147
In base 6, what is 241411314 + -1054?
241410220
In base 6, what is 1034421503 + -4?
1034421455
In base 8, what is -56 - -16511665?
16511607
In base 7, what is 10606051 - 3?
10606045
In base 6, what is 2053221 + -45123?
2004054
In base 5, what is -143040340 - 243?
-143041133
In base 15, what is -4c911 + -1e?
-4c930
In base 8, what is 77 + -77022?
-76723
In base 11, what is -1842 - -42551?
4080a
In base 5, what is -3032410 - -11401?
-3021004
In base 3, what is 122012111110 + -10?
122012111100
In base 7, what is 35145155 - -4?
35145162
In base 4, what is 100 + -1302010302?
-1302010202
In base 8, what is 4 - 3665570?
-3665564
In base 9, what is -40182 - -8?
-40173
In base 11, what is -3 - 21887a3?
-21887a6
In base 14, what is 7 - -ba2677?
ba2680
In base 11, what is 2 + -2860344?
-2860342
In base 6, what is 2 + 121423210?
121423212
In base 11, what is -68a939 - 3?
-68a941
In base 6, what is 43500214 - 14?
43500200
In base 16, what is 23889ee + -2?
23889ec
In base 7, what is 5 + -50515622?
-50515614
In base 15, what is 18b6eb - 57?
18b694
In base 12, what is -5 + 1a5b941?
1a5b938
In base 4, what is -10120003121 - 31?
-10120003212
In base 12, what is -18 - 36b020?
-36b038
In base 3, what is 1201021221111220 - 100?
1201021221111120
In base 4, what is -21211003 - -2031110?
-13113233
In base 14, what is 18 + c2a9?
c2c3
In base 13, what is -827924 - -55?
-82789c
In base 14, what is -1 - -4a825b9?
4a825b8
In base 14, what is 14 - 63248?
-63234
In base 6, what is 1030400444 - 0?
1030400444
In base 11, what is 13aa820 - 3?
13aa818
In base 15, what is -5 - 392a40?
-392a45
In base 14, what is -118 - 3d509?
-3d623
In base 13, what is 150a - 15c?
137b
In base 2, what is -100 + 1101010101001110100010?
1101010101001110011110
In base 14, what is -3568d + -1268?
-36917
In base 15, what is 2e9 + 143e?
1738
In base 5, what is -3410 + -124400431?
-124404341
In base 16, what is 56c + -24529?
-23fbd
In base 11, what is -16806670 - 1?
-16806671
In base 16, what is 22b046e - 3?
22b046b
In base 8, what is -17004731 - 5?
-17004736
In base 6, what is 415253 - 32?
415221
In base 4, what is 303300023 + -3?
303300020
In base 12, what is -184a03b + -4?
-184a043
In base 15, what is -19ba1ec + 2?
-19ba1ea
In base 4, what is -111 - -210210210?
210210033
In base 16, what is 12f - fa04?
-f8d5
In base 4, what is 1130302003233 - -1?
1130302003300
In base 3, what is -11 + 20121220022?
20121220011
In base 16, what is -1c9e0022 + 3?
-1c9e001f
In base 14, what is 5 + 7c02197?
7c0219c
In base 2, what is -1100111010111110011 + -10011?
-1100111011000000110
In base 8, what is 7373004 + 26?
7373032
In base 16, what is -30 - 348a1?
-348d1
In base 7, what is -505 + 32321?
31513
In base 6, what is 100515 + 44?
101003
In base 7, what is -222 - -126240?
126015
In base 11, what is 84a91 - a87?
84005
In base 9, what is 4 - 22405011?
-22405006
In base 5, what is 111430 - -2004013?
2120443
In base 5, what is -204012 - 3103333?
-3312400
In base 14, what is 5 - -226326?
22632b
In base 10, what is 149758 + -6?
149752
In base 2, what is -10100101 + -100000110000011?
-100001000101000
In base 6, what is -10 + -32540135?
-32540145
In base 9, what is 461528 - 213?
461315
In base 9, what is 4316154 - -25?
4316180
In base 6, what is -4423522 + -220?
-4424142
In base 3, what is 1222200122210 + -11102?
1222200111101
In base 7, what is 30 - 125303434?
-125303404
In base 9, what is 26 - -108261520?
108261546
In base 13, what is -20 + -2078c24?
-2078c44
In base 14, what is -5581 - 127?
-56a8
In base 11, what is a + -273a5a?
-273a50
In base 9, what is -75886284 - -12?
-75886272
In base 14, what is -96 + 48674?
485bc
In base 2, what is 1000110 + 111001101001000001000?
111001101001001001110
In base 6, what is 31520230 + -31?
31520155
In base 2, what is -10101010100100 - -1001100000000?
-1011110100100
In base 4, what is -121230212 - -12001?
-121212211
In base 3, what is 2021121002202 + -10121?
2021120222011
In base 10, what is -1549747 - 8?
-1549755
In base 11, what is -97256 + -14?
-9726a
In base 16, what is -2dc6e20 - 7?
-2dc6e27
In base 13, what is c334b0 + 2c?
c3350c
In base 16, what is 66a4593 + -3?
66a4590
In base 6, what is 0 - -3112252215?
3112252215
In base 16, what is 9 + -534a71?
-534a68
In base 11, what is -6333532 + 2?
-6333530
In base 16, what is 2 + -cc6ed?
-cc6eb
In base 13, what is 2182088 - -10?
2182098
In base 5, what is 2 - 12303143014?
-12303143012
In base 11, what is -1752849 - -23?
-1752826
In base 10, what is -43500369 - -2?
-43500367
In base 3, what is 22202010 - 11100202002?
-11000222222
In base 8, what is 666650 - 1442?
665206
In base 12, what is -5480 - 9075?
-12535
In base 6, what is -35150121145 - 5?
-35150121154
In base 8, what is 6 - -2357224?
2357232
In base 12, what is 4 - -81601?
81605
In base 2, what is 100011011000011011 + -10111011010?
100011000001000001
In base 12, what is -7 - 5b3a1?
-5b3a8
In base 7, what is -206 + -3651200?
-3651406
In base 8, what is -747543 - -150?
-747373
In base 15, what is -69825 + -13?
-69838
In base 13, what is 0 - 2c38a5?
-2c38a5
In base 4, what is 213 + -10330202102?
-10330201223
In base 16, what is -7b1521 - 2?
-7b1523
In base 11, what is -114364a35 + 0?
-114364a35
In base 11, what is 695625 + 3?
695628
In base 9, what is 321821 + -5305?
315515
In base 14, what is -17 + 2106b4a?
2106b33
In base 11, what is -171 + 1a36?
1875
In base 16, what is -55dd12a - 2?
-55dd12c
In base 14, what is 2669 + 2558?
4bc3
In base 8, what is -37662 + 47553?
7671
In base 13, what is 141b8 + -2?
141b6
In base 3, what is -1012 + 102111202000?
102111200211
In base 5, what is -423420142 - -3?
-423420134
In base 5, what is 3344 + 222030?
230424
In base 12, what is 4421450 - -22?